4)
1
What is the value of 7 + 0 - (55 - 44)?
-4
Evaluate (0 - -1) + -1 + 5.
5
-2 - 6 - -21 - (0 - -6)
7
Calculate 0 + -2 + (3 - -4).
5
Evaluate -1 + 0 - (13 - (15 + 2)).
3
Evaluate -4 - (4 - (-4 + 7 + 0)).
-5
What is the value of -6 + (14 + 2 - 5)?
5
Calculate -2 + 5 + (-8 - -6) + -1.
0
What is -12 + 15 + (2 - 1) + -2?
2
Evaluate (5 - 1) + 1 - 8.
-3
Calculate 5 - 0 - (8 + 0).
-3
Calculate (-4 - (4 - 7)) + -2.
-3
What is the value of 1 + (2 - 5) + 3 - -2?
3
What is (-7 + 8 - 10 - -2) + 10?
3
What is the value of 10 + 1 + -3 + -3?
5
(-6 - (3 - 11)) + 5
7
What is the value of -3 - (1 + 2 + -1)?
-5
Evaluate -1 - (-1 + 5) - (-17 + 14).
-2
Calculate (100 - 91) + (-1 - 0 - 0).
8
What is (0 - 3) + 3 + (-1 - 1)?
-2
Calculate (3 - 4) + 3 - 2.
0
What is -6 + 16 + -10 + 4?
4
1 + -11 + (-26 - -32)
-4
What is 0 - (4 + 4 + -6)?
-2
Evaluate (-3 - -3) + (2 - 2) + -4.
-4
Evaluate 4 - (5 + (2 - 6)).
3
Calculate 0 + (2 - 6) + 1 + 1.
-2
(-43 - -44) + 2 + -1
2
Evaluate 6 - (-5 - -21 - 6).
-4
Calculate 41 - 47 - (-7 - 1).
2
What is the value of 2 + (5 + -11 - -1)?
-3
(-7 + 14 - 4) + 1 + -3
1
What is the value of 25 + -21 - (1 - -1)?
2
What is the value of 1 + 2 + (12 - 16)?
-1
-3 + 7 - (11 - 5)
-2
-5 - (6 - (13 + 0) - -2)
0
Evaluate (-3 - 3) + 10 + -3.
1
What is -2 + (-1 - (1 - 5))?
1
Calculate 7 + (1 - -5 - 8).
5
2 - (4 + -3 + -3)
4
Evaluate 5 - 3 - (4 + 0).
-2
What is the value of -3 - (-2 - -3 - 2)?
-2
What is the value of 2 + 4 + (0 - (-4 + 12))?
-2
What is 1 - (10 + -1 + 40 + -42)?
-6
Evaluate 5 + -2 - (-4 - -5).
2
What is the value of -3 + (0 - (-5 + 3 + 0))?
-1
What is -11 - (-2 - 7 - -2)?
-4
Evaluate 9 + 8 + -9 + 2 + -8.
2
What is the value of -6 - ((5 - 5) + -3)?
-3
0 + -2 + 0 + -2 + 0
-4
Evaluate 123 - 118 - (-1 - 0).
6
Calculate 3 + -4 + 1 + 2.
2
-7 - ((6 - 8) + -2)
-3
(3 - 6) + (7 - 5 - 4)
-5
Evaluate 5 + (-7 - (-2 + -2)) + 0.
2
(0 - -3) + (-4 - -1)
0
Calculate -10 + 1 + 16 + 1.
8
What is 0 - (-6 + (4 - 1))?
3
Calculate 6 + -11 + (7 - 4 - -3).
1
What is -4 - 0 - (-1 + -3 + -1)?
1
Calculate (-5 - 5 - -13) + 6.
9
What is 2 - (-3 - -6) - -3?
2
-1 + -4 - 3 - (-30 - -27)
-5
What is the value of 3 + 1 + (0 - 3)?
1
Evaluate (3 - 0) + -2 + -6.
-5
Evaluate (2 - -1 - 5) + 0 - 0.
-2
0 + -4 + 13 + -11
-2
13 + -1 - (21 + -9 - 6)
6
What is the value of -9 + (4 - (6 - 10))?
-1
Evaluate -1 - (4 - 3) - -5.
3
-3 - (0 + -14 - (-1 - 5))
5
Calculate 189 - 188 - (-7 - 2).
10
Calculate -4 + (-3 + 7 - 4).
-4
What is 1 + 2 + 1 - (1 - -4)?
-1
Calculate -8 - (3 + (0 - 1) + -6).
-4
What is -2 - (8 + -5 + -6)?
1
What is the value of 0 - 3 - (-10 - -10)?
-3
Evaluate -3 + (4 + -12 - -8 - -3).
0
Calculate (-9 - -5) + 11 + -9.
-2
What is 4 - (-1 + -1 + 2)?
4
What is -3 + 0 - (-38 + 37)?
-2
Calculate -3 + 4 + -11 + 12 - -4.
6
Calculate -8 + 31 + -9 - 5.
9
Evaluate (-5 - 0) + (23 - 13 - 12).
-7
Evaluate -1 - (-2 + 4 - -2).
-5
What is the value of 4 - ((-5 - (4 - 4)) + 1)?
8
Calculate (0 - (2 - 6)) + -11 - 0.
-7
Calculate 8 + -4 - (-4 + 5).
3
Evaluate 1 + 2 + 4 + -2.
5
6 - (10 + 6 + -4)
-6
What is 3 - -1 - (-11 + 12)?
3
What is 0 + -1 - (0 - (-4 - 0))?
-5
What is -2 - 1 - (-10 + (1 - -1))?
5
What is the value of (-4 - ((-5 - -7) + -6)) + -2?
-2
Evaluate 3 + (-13 - -2) + 5.
-3
Evaluate 0 + -2 + -5 - -3.
-4
What is -8 - (-1 + (0 - -3 - 5))?
-5
What is the value of 1 - -2 - (0 - 1)?
4
What is the value of (5 - 0 - 5) + 2?
2
Calculate -7 + 13 + (-7 - -4).
3
What is 0 - -1 - (5 + 13 + -17)?
0
-10 - (-3 + -3 + -5)
1
What is the value of -2 + (-2 - -4) - -4?
4
Evaluate (-9 - -2) + (-6 - -14).
1
Evaluate (-5 + (-4 - -8) - -12) + -5.
6
What is 1 + (-3 - -3) - (2 + -2)?
1
0 - 0 - (7 - 2)
-5
What is the value of (0 - 2 - (-21 + 24)) + 4?
-1
What is the value of -5 - (-2 - 0 - (28 + -28))?
-3
Calculate -1 + 7 - (-15 + 3 - -10).
8
What is the value of -5 + 7 + -7 - (-11 + 3)?
3
What is (9 - 13) + (1 - -1)?
-2
-5 + 9 + 2 + -6
0
(6 - 2) + (5 - 28) + 12
-7
What is 16 + -4 + -15 + 8?
5
0 + (10 - 8 - 4)
-2
What is -6 + 7 + -13 + -1 + 6?
-7
What is the value of 2 + 3 + -1 + -2?
2
Evaluate 23 + -22 + 5 + -1.
5
Calculate -6 - (-3 + (2 - 7)).
2
What is the value of -8 - (3 - 2) - -8?
-1
Calculate -5 + 0 - (0 + (-13 - -7)).
1
What is (-70 - -65) + 1 + -2?
-6
Calculate 1 - (5 + 2 + -2 + -1).
-3
Calculate (-9 - -7) + (-2 - -5).
1
What is the value of (-1 - -7) + -3 - 2?
1
Calculate (-8 - -3) + (-4 - (2 - 17)).
6
Calculate (-3 - (4 - -1 - 7)) + -3.
-4
What is (2 - 7) + (0 - 0)?
-5
Evaluate -1 - 2 - (-4 - 4).
5
What is the value of 7 - 6 - 4 - 2?
-5
What is 6 + (2 - (-4 - (3 - 11)))?
4
What is -5 + (-12 - -9) + 8?
0
Evaluate (11 - 10) + (0 - 1).
0
What is 18 + -16 - (-3 - (-3 + 5))?
7
Evaluate 9 + (3 - -2) + -9.
5
What is the value of (-12 - (-5 + 4)) + 11?
0
Calculate 10 - 3 - (0 - (1 - 6)).
2
Calculate (-5 - 8) + 18 - (1 + 4).
0
What is the value of -1 - 3 - (-3 - -2)?
-3
What is 0 - (-3 - -2 - 4) - 6?
-1
Evaluate (3 + -2 - -3) + 3.
7
What is 6 - (-11 + 8) - 9?
0
Evaluate 12 + 0 + (-1 - 4).
7
Evaluate 3 - (1 + 2) - -2.
2
Evaluate (7 - 2 - 1) + -6 + 4.
2
Evaluate (3 - 5 - -5) + (-7 - 1).
-5
Calculate 3 + 10 - (-28 - -38).
3
What is (2 + -2 - (-2 + 3)) + 6?
5
Calculate (5 - (-4 + (4 - 1))) + -2.
4
What is 2 - (3 - (-6 + 6) - -6)?
-7
What is the value of 16 + -11 + (-3 - (1 + -2))?
3
1 - (-2 - -6 - 6)
3
What is -2 + -8 + (2 - -2)?
-6
Evaluate -18 + 10 - (-2 - -1) - -3.
-4
What is the value of (0 - (-3 - -9)) + 1?
-5
Evaluate (11 + -7 - 9) + 10.
5
What is the value of -45 + 52 - (-1 - -13)?
-5
What is the value of (5 - 11) + -4 - -3?
-7
Calculate 2 + (0 - (4 - 0)).
-2
-2 + (-5 - 0) + -2 + 4
-5
Evaluate -4 - (-2 - (0 - 2)) - -2.
-2
What is the value of -8 - (-3 + -4 + -2)?
1
What is the value of -7 + (-1 - -1) + 2 + 3?
-2
Evaluate 1 + (6 - 3 - 5) - 3.
-4
-1 + (2 - -3) - (-2 + 2)
4
0 + 0 + (-2 - (-3 + 1))
0
Calculate (18 - 17) + (-3 - -2) + -1.
-1
What is 3 + -4 + (-4 - -13 - 4)?
4
What is the value of -2 + 3 + -11 + 7?
-3
Calculate (2 - -5) + -8 - (4 - 2).
-3
3 + -1 + 5 + -2 + 0
5
Calculate 4 + -5 + -7 + 8.
0
Calculate -6 + (-9 + 19 - 2).
2
What is the value of 4 - (3 - -9 - 4)?
-4
What is the value of (0 + -6 - -10) + -4 + 2?
2
Calculate (-3 - (11 + -15)) + 3.
4
What is the value of 11 - 3 - (0 - -2)?
6
What is the value of 5 + 3 + -1 + -5?
2
-2 + 3 + (0 - (0 + -4))
5
Evaluate -3 + (-3 - ((0 - 2) + -1)).
-3
Calculate (-20 - -12 - (3 - -6)) + 7.
-10
Evaluate 14 + -17 + -1 + -2.
-6
Calculate (-8 + -1 - -3) + 8.
2
Evaluate 1 - (-4 - (-6 + 3) - 2).
4
What is -7 + 8 + -10 + 7?
-2
What is the value of -6 + 9 - (1 + 5)?
-3
(-2 - 1) + (-1 - (11 - 11))
-4
Evaluate -41 + 40 + -1 + 8.
6
What is 1 + 6 - (1 - -7)?
-1
What is 0 + (2 - 4) + 2?
0
Calculate -4 + (11 - 5) - -1.
3
Evaluate -3 + 0 + (12 - 12).
-3
1 - (-2 + 15 + -7)
-5
What is the value of -1 + (-3 - -9) + (-21 - -23)?
7
What is 9 + -4 - (-7 - -6)?
6
What is the value of -1 - (1 + (-3 - 1))?
2
What is 10 - 12 - (-1 + -1 - -1)?
-1
Evaluate 10 - 4 - 10 - -4.
0
Calculate -4 + (-1 - -6) - -1.
2
(-2 - -2) + 6 + -3 + 0
3
What is 4 - (6 - (2 - 0))?
0
What is the value of (0 - (-2 + -5)) + 2 + -4?
5
What is -2 + 4 + -14 - -5 - -6?
-1
Evaluate 11 - (1 + (-4 - -9)).
5
What is -4 - (-3 - 1) - (-15 + 22)?
-7
What is (-2 - (1 + 0)) + -5?
-8
Calculate 2 - (3 - 6) - (35 + -27).
-3
Calculate 15 - 5 - (1 - -16).
-7
What is 27 + -17 + (-15 - -2)?
-3
Evaluate (-2 - (0 - (1 - -4))) + -4.
-1
Evaluate 1 + -3 - (-7 + 2).
3
-5 + 0 + -1 - -1
-5
What is 1 + -1 + (-3 - -7) + 2?
6
2 - (6 - -1 - (5 - 1))
-1
Calculate 26 + -29 - (-1 + -1 + 1).
-2
What is the value of 11 + (-1 - 7) + 3?
6
Calculate 0 - ((2 - -3) + -4).
-1
Calculate 0 - -1 - -2 - (-1 + 9).
-5
Calculate 3 - (-3 - -2) - (0 + 0).
4
What is (2 - -4) + (5 - 8)?
3
Calculate (-4 + 11 - 2) + 2 - -2.
9
Calculate -1 - 1 - -4 - (-13 + 10).
5
Calculate 5 + (4 - (1 - -7)).
1
What is the value of (-4 - 9) + 5 + 0 - -1?
-7
Calculate 0 - -2 - 4 - -2.
0
Evaluate -3 - (4 + -7 + -1).
1
What is (0 - -5) + -3 - 4?
-2
What is 6 + (-6 - (-3 + 0))?
3
Calculate (12 + -8 - (2 + -2)) + 1.
5
Evaluate -5 + (-5 - ((-14 - -2) + -2)).
4
What is the value of -32 + 28 - ((1 - 1) + 3)?
-7
-24 + 13 - (2 + -16)
3
What is (2 - -4) + 15 + -9 + -12?
0
What is the value of 1 + -11 - (-15 - -11)?
-6
Calculate (-3 - (-4 + 11)) + 6.
-4
(1 - 1) + 3 + -3 - -1
1
Calculate 1 - -